{"id":1732,"date":"2020-07-10T13:58:32","date_gmt":"2020-07-10T17:58:32","guid":{"rendered":"https:\/\/ouvidoria.tce.am.gov.br\/?page_id=1732"},"modified":"2021-10-08T09:24:23","modified_gmt":"2021-10-08T13:24:23","slug":"noticias","status":"publish","type":"page","link":"https:\/\/ouvidoria.tce.am.gov.br\/?page_id=1732","title":{"rendered":"Not\u00edcias"},"content":{"rendered":"\t\t<div data-elementor-type=\"wp-page\" data-elementor-id=\"1732\" class=\"elementor elementor-1732\" data-elementor-settings=\"{&quot;ha_cmc_init_switcher&quot;:&quot;no&quot;}\" data-elementor-post-type=\"page\">\n\t\t\t\t\t\t<section class=\"elementor-section elementor-top-section elementor-element elementor-element-b7a9d73 elementor-section-boxed elementor-section-height-default elementor-section-height-default\" data-id=\"b7a9d73\" data-element_type=\"section\" data-e-type=\"section\" data-settings=\"{&quot;background_background&quot;:&quot;classic&quot;,&quot;_ha_eqh_enable&quot;:false}\">\n\t\t\t\t\t\t<div class=\"elementor-container elementor-column-gap-default\">\n\t\t\t\t\t<div class=\"elementor-column elementor-col-100 elementor-top-column elementor-element elementor-element-fedd759\" data-id=\"fedd759\" data-element_type=\"column\" data-e-type=\"column\">\n\t\t\t<div class=\"elementor-widget-wrap elementor-element-populated\">\n\t\t\t\t\t\t<div class=\"elementor-element elementor-element-42c6761 elementor-widget elementor-widget-heading\" data-id=\"42c6761\" data-element_type=\"widget\" data-e-type=\"widget\" data-widget_type=\"heading.default\">\n\t\t\t\t<div class=\"elementor-widget-container\">\n\t\t\t\t\t<h2 class=\"elementor-heading-title elementor-size-default\">Not\u00edcias<\/h2>\t\t\t\t<\/div>\n\t\t\t\t<\/div>\n\t\t\t\t\t<\/div>\n\t\t<\/div>\n\t\t\t\t\t<\/div>\n\t\t<\/section>\n\t\t\t\t<section class=\"elementor-section elementor-top-section elementor-element elementor-element-e4c183d elementor-section-boxed elementor-section-height-default elementor-section-height-default\" data-id=\"e4c183d\" data-element_type=\"section\" data-e-type=\"section\" data-settings=\"{&quot;_ha_eqh_enable&quot;:false}\">\n\t\t\t\t\t\t<div class=\"elementor-container elementor-column-gap-default\">\n\t\t\t\t\t<div class=\"elementor-column elementor-col-100 elementor-top-column elementor-element elementor-element-3e6aa8b\" data-id=\"3e6aa8b\" data-element_type=\"column\" data-e-type=\"column\">\n\t\t\t<div class=\"elementor-widget-wrap elementor-element-populated\">\n\t\t\t\t\t\t<div class=\"elementor-element elementor-element-5407365 elementor-posts--thumbnail-left elementor-grid-3 elementor-grid-tablet-2 elementor-grid-mobile-1 ha-has-bg-overlay elementor-widget elementor-widget-posts\" data-id=\"5407365\" data-element_type=\"widget\" data-e-type=\"widget\" data-settings=\"{&quot;pagination_type&quot;:&quot;numbers_and_prev_next&quot;,&quot;classic_columns&quot;:&quot;3&quot;,&quot;classic_columns_tablet&quot;:&quot;2&quot;,&quot;classic_columns_mobile&quot;:&quot;1&quot;,&quot;classic_row_gap&quot;:{&quot;unit&quot;:&quot;px&quot;,&quot;size&quot;:35,&quot;sizes&quot;:[]},&quot;classic_row_gap_tablet&quot;:{&quot;unit&quot;:&quot;px&quot;,&quot;size&quot;:&quot;&quot;,&quot;sizes&quot;:[]},&quot;classic_row_gap_mobile&quot;:{&quot;unit&quot;:&quot;px&quot;,&quot;size&quot;:&quot;&quot;,&quot;sizes&quot;:[]}}\" data-widget_type=\"posts.classic\">\n\t\t\t\t<div class=\"elementor-widget-container\">\n\t\t\t\t\t\t\t<div class=\"elementor-posts-container elementor-posts elementor-posts--skin-classic elementor-grid\">\n\t\t\t\t<article class=\"elementor-post elementor-grid-item post-7883 post type-post status-publish format-standard has-post-thumbnail hentry category-noticias category-sem-categoria\">\n\t\t\t\t<a class=\"elementor-post__thumbnail__link\" href=\"https:\/\/ouvidoria.tce.am.gov.br\/?p=7883\" tabindex=\"-1\" >\n\t\t\t<div class=\"elementor-post__thumbnail\"><img fetchpriority=\"high\" decoding=\"async\" width=\"300\" height=\"200\" src=\"https:\/\/ouvidoria.tce.am.gov.br\/wp-content\/uploads\/2023\/03\/WhatsApp-Image-2023-03-08-at-17.53.11-1-300x200.jpeg\" class=\"attachment-medium size-medium wp-image-7886\" alt=\"\" srcset=\"https:\/\/ouvidoria.tce.am.gov.br\/wp-content\/uploads\/2023\/03\/WhatsApp-Image-2023-03-08-at-17.53.11-1-300x200.jpeg 300w, https:\/\/ouvidoria.tce.am.gov.br\/wp-content\/uploads\/2023\/03\/WhatsApp-Image-2023-03-08-at-17.53.11-1-1024x682.jpeg 1024w, https:\/\/ouvidoria.tce.am.gov.br\/wp-content\/uploads\/2023\/03\/WhatsApp-Image-2023-03-08-at-17.53.11-1-768x511.jpeg 768w, https:\/\/ouvidoria.tce.am.gov.br\/wp-content\/uploads\/2023\/03\/WhatsApp-Image-2023-03-08-at-17.53.11-1.jpeg 1280w\" sizes=\"(max-width: 300px) 100vw, 300px\" \/><\/div>\n\t\t<\/a>\n\t\t\t\t<div class=\"elementor-post__text\">\n\t\t\t\t<h3 class=\"elementor-post__title\">\n\t\t\t<a href=\"https:\/\/ouvidoria.tce.am.gov.br\/?p=7883\" >\n\t\t\t\tArtigo: As quest\u00f5es socioambientais e os Tribunais de Contas do pa\u00eds\t\t\t<\/a>\n\t\t<\/h3>\n\t\t\n\t\t<a class=\"elementor-post__read-more\" href=\"https:\/\/ouvidoria.tce.am.gov.br\/?p=7883\" aria-label=\"Read more about Artigo: As quest\u00f5es socioambientais e os Tribunais de Contas do pa\u00eds\" tabindex=\"-1\" >\n\t\t\tSaiba Mais \u00bb\t\t<\/a>\n\n\t\t\t\t<\/div>\n\t\t\t\t<\/article>\n\t\t\t\t<article class=\"elementor-post elementor-grid-item post-467638 post type-post status-publish format-standard hentry category-banner category-destaque category-noticias category-noticias-do-portal-tce category-noticias-ouvidoria\">\n\t\t\t\t<div class=\"elementor-post__text\">\n\t\t\t\t<h3 class=\"elementor-post__title\">\n\t\t\t<a href=\"https:\/\/ouvidoria.tce.am.gov.br\/?p=467638\" >\n\t\t\t\t\u200bProfac do TCE-AM realiza Roda de Cidadania sobre desafios da educa\u00e7\u00e3o p\u00f3s-pandemia nesta sexta-feira (11)\t\t\t<\/a>\n\t\t<\/h3>\n\t\t\n\t\t<a class=\"elementor-post__read-more\" href=\"https:\/\/ouvidoria.tce.am.gov.br\/?p=467638\" aria-label=\"Read more about \u200bProfac do TCE-AM realiza Roda de Cidadania sobre desafios da educa\u00e7\u00e3o p\u00f3s-pandemia nesta sexta-feira (11)\" tabindex=\"-1\" >\n\t\t\tSaiba Mais \u00bb\t\t<\/a>\n\n\t\t\t\t<\/div>\n\t\t\t\t<\/article>\n\t\t\t\t<article class=\"elementor-post elementor-grid-item post-337567 post type-post status-publish format-standard hentry category-banner category-destaque category-noticias category-noticias-do-portal-tce category-noticias-ouvidoria\">\n\t\t\t\t<div class=\"elementor-post__text\">\n\t\t\t\t<h3 class=\"elementor-post__title\">\n\t\t\t<a href=\"https:\/\/ouvidoria.tce.am.gov.br\/?p=337567\" >\n\t\t\t\tTCE-AM certifica 110 estudantes participantes do programa Ouvidoria Estudantil\t\t\t<\/a>\n\t\t<\/h3>\n\t\t\n\t\t<a class=\"elementor-post__read-more\" href=\"https:\/\/ouvidoria.tce.am.gov.br\/?p=337567\" aria-label=\"Read more about TCE-AM certifica 110 estudantes participantes do programa Ouvidoria Estudantil\" tabindex=\"-1\" >\n\t\t\tSaiba Mais \u00bb\t\t<\/a>\n\n\t\t\t\t<\/div>\n\t\t\t\t<\/article>\n\t\t\t\t<article class=\"elementor-post elementor-grid-item post-1136313 post type-post status-publish format-standard hentry category-banner category-destaque category-noticias category-noticias-do-portal-tce category-noticias-ouvidoria\">\n\t\t\t\t<div class=\"elementor-post__text\">\n\t\t\t\t<h3 class=\"elementor-post__title\">\n\t\t\t<a href=\"https:\/\/ouvidoria.tce.am.gov.br\/?p=1136313\" >\n\t\t\t\tTCE-AM certifica gr\u00eamios estudantis participantes do programa \u201cOuvidoria Estudantil\u201d nesta quarta e quinta-feira (18 e 19)\t\t\t<\/a>\n\t\t<\/h3>\n\t\t\n\t\t<a class=\"elementor-post__read-more\" href=\"https:\/\/ouvidoria.tce.am.gov.br\/?p=1136313\" aria-label=\"Read more about TCE-AM certifica gr\u00eamios estudantis participantes do programa \u201cOuvidoria Estudantil\u201d nesta quarta e quinta-feira (18 e 19)\" tabindex=\"-1\" >\n\t\t\tSaiba Mais \u00bb\t\t<\/a>\n\n\t\t\t\t<\/div>\n\t\t\t\t<\/article>\n\t\t\t\t<article class=\"elementor-post elementor-grid-item post-840844 post type-post status-publish format-standard hentry category-banner category-destaque category-noticias category-noticias-do-portal-tce category-noticias-ouvidoria\">\n\t\t\t\t<div class=\"elementor-post__text\">\n\t\t\t\t<h3 class=\"elementor-post__title\">\n\t\t\t<a href=\"https:\/\/ouvidoria.tce.am.gov.br\/?p=840844\" >\n\t\t\t\t\u200bOuvidoria do TCE-AM inicia curso de Forma\u00e7\u00e3o e Capacita\u00e7\u00e3o de Ouvidores\t\t\t<\/a>\n\t\t<\/h3>\n\t\t\n\t\t<a class=\"elementor-post__read-more\" href=\"https:\/\/ouvidoria.tce.am.gov.br\/?p=840844\" aria-label=\"Read more about \u200bOuvidoria do TCE-AM inicia curso de Forma\u00e7\u00e3o e Capacita\u00e7\u00e3o de Ouvidores\" tabindex=\"-1\" >\n\t\t\tSaiba Mais \u00bb\t\t<\/a>\n\n\t\t\t\t<\/div>\n\t\t\t\t<\/article>\n\t\t\t\t<article class=\"elementor-post elementor-grid-item post-3230 post type-post status-publish format-standard has-post-thumbnail hentry category-noticias\">\n\t\t\t\t<a class=\"elementor-post__thumbnail__link\" href=\"https:\/\/ouvidoria.tce.am.gov.br\/?p=3230\" tabindex=\"-1\" >\n\t\t\t<div class=\"elementor-post__thumbnail\"><img decoding=\"async\" width=\"300\" height=\"225\" src=\"https:\/\/ouvidoria.tce.am.gov.br\/wp-content\/uploads\/2021\/12\/a8c9ac0c-e946-4a02-909d-86d3b6641c09-300x225.jpeg\" class=\"attachment-medium size-medium wp-image-3231\" alt=\"\" srcset=\"https:\/\/ouvidoria.tce.am.gov.br\/wp-content\/uploads\/2021\/12\/a8c9ac0c-e946-4a02-909d-86d3b6641c09-300x225.jpeg 300w, https:\/\/ouvidoria.tce.am.gov.br\/wp-content\/uploads\/2021\/12\/a8c9ac0c-e946-4a02-909d-86d3b6641c09-768x576.jpeg 768w, https:\/\/ouvidoria.tce.am.gov.br\/wp-content\/uploads\/2021\/12\/a8c9ac0c-e946-4a02-909d-86d3b6641c09.jpeg 1024w\" sizes=\"(max-width: 300px) 100vw, 300px\" \/><\/div>\n\t\t<\/a>\n\t\t\t\t<div class=\"elementor-post__text\">\n\t\t\t\t<h3 class=\"elementor-post__title\">\n\t\t\t<a href=\"https:\/\/ouvidoria.tce.am.gov.br\/?p=3230\" >\n\t\t\t\tTCE-AM sedia reuni\u00e3o de encerramento da Rede de Ouvidorias do Amazonas\t\t\t<\/a>\n\t\t<\/h3>\n\t\t\n\t\t<a class=\"elementor-post__read-more\" href=\"https:\/\/ouvidoria.tce.am.gov.br\/?p=3230\" aria-label=\"Read more about TCE-AM sedia reuni\u00e3o de encerramento da Rede de Ouvidorias do Amazonas\" tabindex=\"-1\" >\n\t\t\tSaiba Mais \u00bb\t\t<\/a>\n\n\t\t\t\t<\/div>\n\t\t\t\t<\/article>\n\t\t\t\t<\/div>\n\t\t\n\t\t\t\t<div class=\"e-load-more-anchor\" data-page=\"1\" data-max-page=\"17\" data-next-page=\"https:\/\/ouvidoria.tce.am.gov.br\/index.php?rest_route=%2Fwp%2Fv2%2Fpages%2F1732&#038;paged=2\"><\/div>\n\t\t\t\t<nav class=\"elementor-pagination\" aria-label=\"Pagination\">\n\t\t\t<span class=\"page-numbers prev\">&laquo; <\/span>\n<span aria-current=\"page\" class=\"page-numbers current\"><span class=\"elementor-screen-only\">Page<\/span>1<\/span>\n<a class=\"page-numbers\" href=\"https:\/\/ouvidoria.tce.am.gov.br\/index.php\/?paged=2\"><span class=\"elementor-screen-only\">Page<\/span>2<\/a>\n<a class=\"page-numbers\" href=\"https:\/\/ouvidoria.tce.am.gov.br\/index.php\/?paged=3\"><span class=\"elementor-screen-only\">Page<\/span>3<\/a>\n<a class=\"page-numbers\" href=\"https:\/\/ouvidoria.tce.am.gov.br\/index.php\/?paged=4\"><span class=\"elementor-screen-only\">Page<\/span>4<\/a>\n<a class=\"page-numbers\" href=\"https:\/\/ouvidoria.tce.am.gov.br\/index.php\/?paged=5\"><span class=\"elementor-screen-only\">Page<\/span>5<\/a>\n<a class=\"page-numbers\" href=\"https:\/\/ouvidoria.tce.am.gov.br\/index.php\/?paged=6\"><span class=\"elementor-screen-only\">Page<\/span>6<\/a>\n<a class=\"page-numbers\" href=\"https:\/\/ouvidoria.tce.am.gov.br\/index.php\/?paged=7\"><span class=\"elementor-screen-only\">Page<\/span>7<\/a>\n<a class=\"page-numbers\" href=\"https:\/\/ouvidoria.tce.am.gov.br\/index.php\/?paged=8\"><span class=\"elementor-screen-only\">Page<\/span>8<\/a>\n<a class=\"page-numbers\" href=\"https:\/\/ouvidoria.tce.am.gov.br\/index.php\/?paged=9\"><span class=\"elementor-screen-only\">Page<\/span>9<\/a>\n<a class=\"page-numbers\" href=\"https:\/\/ouvidoria.tce.am.gov.br\/index.php\/?paged=10\"><span class=\"elementor-screen-only\">Page<\/span>10<\/a>\n<a class=\"page-numbers\" href=\"https:\/\/ouvidoria.tce.am.gov.br\/index.php\/?paged=11\"><span class=\"elementor-screen-only\">Page<\/span>11<\/a>\n<a class=\"page-numbers\" href=\"https:\/\/ouvidoria.tce.am.gov.br\/index.php\/?paged=12\"><span class=\"elementor-screen-only\">Page<\/span>12<\/a>\n<a class=\"page-numbers\" href=\"https:\/\/ouvidoria.tce.am.gov.br\/index.php\/?paged=13\"><span class=\"elementor-screen-only\">Page<\/span>13<\/a>\n<a class=\"page-numbers\" href=\"https:\/\/ouvidoria.tce.am.gov.br\/index.php\/?paged=14\"><span class=\"elementor-screen-only\">Page<\/span>14<\/a>\n<a class=\"page-numbers\" href=\"https:\/\/ouvidoria.tce.am.gov.br\/index.php\/?paged=15\"><span class=\"elementor-screen-only\">Page<\/span>15<\/a>\n<a class=\"page-numbers\" href=\"https:\/\/ouvidoria.tce.am.gov.br\/index.php\/?paged=16\"><span class=\"elementor-screen-only\">Page<\/span>16<\/a>\n<a class=\"page-numbers\" href=\"https:\/\/ouvidoria.tce.am.gov.br\/index.php\/?paged=17\"><span class=\"elementor-screen-only\">Page<\/span>17<\/a>\n<a class=\"page-numbers next\" href=\"https:\/\/ouvidoria.tce.am.gov.br\/index.php?rest_route=%2Fwp%2Fv2%2Fpages%2F1732&#038;paged=2\"> &raquo;<\/a>\t\t<\/nav>\n\t\t\t\t\t\t<\/div>\n\t\t\t\t<\/div>\n\t\t\t\t\t<\/div>\n\t\t<\/div>\n\t\t\t\t\t<\/div>\n\t\t<\/section>\n\t\t\t\t<\/div>\n\t\t","protected":false},"excerpt":{"rendered":"","protected":false},"author":5,"featured_media":0,"parent":0,"menu_order":0,"comment_status":"closed","ping_status":"closed","template":"","meta":{"_monsterinsights_skip_tracking":false,"_monsterinsights_sitenote_active":false,"_monsterinsights_sitenote_note":"","_monsterinsights_sitenote_category":0,"site-sidebar-layout":"no-sidebar","site-content-layout":"page-builder","ast-site-content-layout":"","site-content-style":"default","site-sidebar-style":"default","ast-global-header-display":"","ast-banner-title-visibility":"","ast-main-header-display":"","ast-hfb-above-header-display":"","ast-hfb-below-header-display":"","ast-hfb-mobile-header-display":"","site-post-title":"disabled","ast-breadcrumbs-content":"","ast-featured-img":"disabled","footer-sml-layout":"disabled","theme-transparent-header-meta":"default","adv-header-id-meta":"","stick-header-meta":"","header-above-stick-meta":"","header-main-stick-meta":"","header-below-stick-meta":"","astra-migrate-meta-layouts":"default","ast-page-background-enabled":"default","ast-page-background-meta":{"desktop":{"background-color":"","background-image":"","background-repeat":"repeat","background-position":"center center","background-size":"auto","background-attachment":"scroll","background-type":"","background-media":"","overlay-type":"","overlay-color":"","overlay-opacity":"","overlay-gradient":""},"tablet":{"background-color":"","background-image":"","background-repeat":"repeat","background-position":"center center","background-size":"auto","background-attachment":"scroll","background-type":"","background-media":"","overlay-type":"","overlay-color":"","overlay-opacity":"","overlay-gradient":""},"mobile":{"background-color":"","background-image":"","background-repeat":"repeat","background-position":"center center","background-size":"auto","background-attachment":"scroll","background-type":"","background-media":"","overlay-type":"","overlay-color":"","overlay-opacity":"","overlay-gradient":""}},"ast-content-background-meta":{"desktop":{"background-color":"var(--ast-global-color-5)","background-image":"","background-repeat":"repeat","background-position":"center center","background-size":"auto","background-attachment":"scroll","background-type":"","background-media":"","overlay-type":"","overlay-color":"","overlay-opacity":"","overlay-gradient":""},"tablet":{"background-color":"var(--ast-global-color-5)","background-image":"","background-repeat":"repeat","background-position":"center center","background-size":"auto","background-attachment":"scroll","background-type":"","background-media":"","overlay-type":"","overlay-color":"","overlay-opacity":"","overlay-gradient":""},"mobile":{"background-color":"var(--ast-global-color-5)","background-image":"","background-repeat":"repeat","background-position":"center center","background-size":"auto","background-attachment":"scroll","background-type":"","background-media":"","overlay-type":"","overlay-color":"","overlay-opacity":"","overlay-gradient":""}},"footnotes":""},"class_list":["post-1732","page","type-page","status-publish","hentry"],"_links":{"self":[{"href":"https:\/\/ouvidoria.tce.am.gov.br\/index.php?rest_route=\/wp\/v2\/pages\/1732","targetHints":{"allow":["GET"]}}],"collection":[{"href":"https:\/\/ouvidoria.tce.am.gov.br\/index.php?rest_route=\/wp\/v2\/pages"}],"about":[{"href":"https:\/\/ouvidoria.tce.am.gov.br\/index.php?rest_route=\/wp\/v2\/types\/page"}],"author":[{"embeddable":true,"href":"https:\/\/ouvidoria.tce.am.gov.br\/index.php?rest_route=\/wp\/v2\/users\/5"}],"replies":[{"embeddable":true,"href":"https:\/\/ouvidoria.tce.am.gov.br\/index.php?rest_route=%2Fwp%2Fv2%2Fcomments&post=1732"}],"version-history":[{"count":6,"href":"https:\/\/ouvidoria.tce.am.gov.br\/index.php?rest_route=\/wp\/v2\/pages\/1732\/revisions"}],"predecessor-version":[{"id":2351,"href":"https:\/\/ouvidoria.tce.am.gov.br\/index.php?rest_route=\/wp\/v2\/pages\/1732\/revisions\/2351"}],"wp:attachment":[{"href":"https:\/\/ouvidoria.tce.am.gov.br\/index.php?rest_route=%2Fwp%2Fv2%2Fmedia&parent=1732"}],"curies":[{"name":"wp","href":"https:\/\/api.w.org\/{rel}","templated":true}]}}