{"id":1747,"date":"2020-07-13T20:04:17","date_gmt":"2020-07-14T00:04:17","guid":{"rendered":"https:\/\/ouvidoria.tce.am.gov.br\/?page_id=1747"},"modified":"2024-06-04T16:00:57","modified_gmt":"2024-06-04T20:00:57","slug":"ouvidoria-ambiental-2","status":"publish","type":"page","link":"https:\/\/ouvidoria.tce.am.gov.br\/?page_id=1747","title":{"rendered":"Ouvidoria Ambiental"},"content":{"rendered":"\t\t<div data-elementor-type=\"wp-page\" data-elementor-id=\"1747\" class=\"elementor elementor-1747\" data-elementor-settings=\"{&quot;ha_cmc_init_switcher&quot;:&quot;no&quot;}\" data-elementor-post-type=\"page\">\n\t\t\t\t\t\t<section class=\"elementor-section elementor-top-section elementor-element elementor-element-b7a9d73 elementor-section-boxed elementor-section-height-default elementor-section-height-default\" data-id=\"b7a9d73\" data-element_type=\"section\" data-e-type=\"section\" data-settings=\"{&quot;background_background&quot;:&quot;classic&quot;,&quot;_ha_eqh_enable&quot;:false}\">\n\t\t\t\t\t\t<div class=\"elementor-container elementor-column-gap-default\">\n\t\t\t\t\t<div class=\"elementor-column elementor-col-100 elementor-top-column elementor-element elementor-element-fedd759\" data-id=\"fedd759\" data-element_type=\"column\" data-e-type=\"column\">\n\t\t\t<div class=\"elementor-widget-wrap elementor-element-populated\">\n\t\t\t\t\t\t<div class=\"elementor-element elementor-element-42c6761 elementor-widget elementor-widget-heading\" data-id=\"42c6761\" data-element_type=\"widget\" data-e-type=\"widget\" data-widget_type=\"heading.default\">\n\t\t\t\t<div class=\"elementor-widget-container\">\n\t\t\t\t\t<h2 class=\"elementor-heading-title elementor-size-default\">Ouvidoria Ambiental<\/h2>\t\t\t\t<\/div>\n\t\t\t\t<\/div>\n\t\t\t\t\t<\/div>\n\t\t<\/div>\n\t\t\t\t\t<\/div>\n\t\t<\/section>\n\t\t\t\t<section class=\"elementor-section elementor-top-section elementor-element elementor-element-e4c183d elementor-section-boxed elementor-section-height-default elementor-section-height-default\" data-id=\"e4c183d\" data-element_type=\"section\" data-e-type=\"section\" data-settings=\"{&quot;_ha_eqh_enable&quot;:false}\">\n\t\t\t\t\t\t<div class=\"elementor-container elementor-column-gap-default\">\n\t\t\t\t\t<div class=\"elementor-column elementor-col-100 elementor-top-column elementor-element elementor-element-3e6aa8b\" data-id=\"3e6aa8b\" data-element_type=\"column\" data-e-type=\"column\">\n\t\t\t<div class=\"elementor-widget-wrap elementor-element-populated\">\n\t\t\t\t\t\t<section class=\"elementor-section elementor-inner-section elementor-element elementor-element-ab77782 elementor-section-boxed elementor-section-height-default elementor-section-height-default\" data-id=\"ab77782\" data-element_type=\"section\" data-e-type=\"section\" data-settings=\"{&quot;_ha_eqh_enable&quot;:false}\">\n\t\t\t\t\t\t<div class=\"elementor-container elementor-column-gap-default\">\n\t\t\t\t\t<div class=\"elementor-column elementor-col-50 elementor-inner-column elementor-element elementor-element-6c77a78\" data-id=\"6c77a78\" data-element_type=\"column\" data-e-type=\"column\">\n\t\t\t<div class=\"elementor-widget-wrap elementor-element-populated\">\n\t\t\t\t\t\t<div class=\"elementor-element elementor-element-a04252b elementor-widget elementor-widget-image\" data-id=\"a04252b\" data-element_type=\"widget\" data-e-type=\"widget\" data-widget_type=\"image.default\">\n\t\t\t\t<div class=\"elementor-widget-container\">\n\t\t\t\t\t\t\t\t\t\t\t\t\t\t\t<img fetchpriority=\"high\" decoding=\"async\" width=\"1024\" height=\"1024\" src=\"https:\/\/ouvidoria.tce.am.gov.br\/wp-content\/uploads\/2023\/01\/ouvidoria-01-1024x1024.png\" class=\"attachment-large size-large wp-image-3553\" alt=\"\" srcset=\"https:\/\/ouvidoria.tce.am.gov.br\/wp-content\/uploads\/2023\/01\/ouvidoria-01-1024x1024.png 1024w, https:\/\/ouvidoria.tce.am.gov.br\/wp-content\/uploads\/2023\/01\/ouvidoria-01-300x300.png 300w, https:\/\/ouvidoria.tce.am.gov.br\/wp-content\/uploads\/2023\/01\/ouvidoria-01-150x150.png 150w, https:\/\/ouvidoria.tce.am.gov.br\/wp-content\/uploads\/2023\/01\/ouvidoria-01-768x768.png 768w, https:\/\/ouvidoria.tce.am.gov.br\/wp-content\/uploads\/2023\/01\/ouvidoria-01.png 1080w\" sizes=\"(max-width: 1024px) 100vw, 1024px\" \/>\t\t\t\t\t\t\t\t\t\t\t\t\t\t\t<\/div>\n\t\t\t\t<\/div>\n\t\t\t\t\t<\/div>\n\t\t<\/div>\n\t\t\t\t<div class=\"elementor-column elementor-col-50 elementor-inner-column elementor-element elementor-element-03f8939\" data-id=\"03f8939\" data-element_type=\"column\" data-e-type=\"column\">\n\t\t\t<div class=\"elementor-widget-wrap elementor-element-populated\">\n\t\t\t\t\t\t<div class=\"elementor-element elementor-element-d95f62a elementor-widget elementor-widget-text-editor\" data-id=\"d95f62a\" data-element_type=\"widget\" data-e-type=\"widget\" data-widget_type=\"text-editor.default\">\n\t\t\t\t<div class=\"elementor-widget-container\">\n\t\t\t\t\t\t\t\t\tA Ouvidora Especial em Meio Ambiente do Tribunal de Contas do Estado do Amazonas foi institu\u00edda pela Resolu\u00e7\u00e3o n\u00ba 04 de 11 de mar\u00e7o de 2015. Trata-se de uma Inst\u00e2ncia da Ouvidoria Geral, criada com objetivo de atender uma demanda espec\u00edfica e t\u00e3o importante hoje no controle externo que \u00e9 a quest\u00e3o ambiental.\n\n<br><br>\n<h4>Objetivo Geral<\/h4>\nPor meio das manifesta\u00e7\u00f5es acolhidas e dos encaminhamentos das mesmas \u00e0s inst\u00e2ncias competentes, espera-se obter melhorias nas pol\u00edticas p\u00fablicas dos v\u00e1rios setores do servi\u00e7o p\u00fablico bem como na \u00e1rea do meio ambiente, cobrando dos \u00f3rg\u00e3os competentes a\u00e7\u00f5es de fiscaliza\u00e7\u00e3o mais eficazes e monitoramentos sistem\u00e1ticos e permanentes.\n\n<br><br>\n<h4>\nObjetivos Espec\u00edficos<\/h4>\nEstabelecer canais de comunica\u00e7\u00e3o acess\u00edveis e diretos que aproximem a institui\u00e7\u00e3o do seu p\u00fablico alvo: estudantes e sociedade em geral;\nPor meio das manifesta\u00e7\u00f5es espera-se identificar \u00e1reas que estejam merecendo maior aten\u00e7\u00e3o do poder p\u00fablico;\nPor meio das manifesta\u00e7\u00f5es espera-se defini\u00e7\u00f5es sobre eixos priorit\u00e1rios de a\u00e7\u00e3o;\nEspera-se estabelecer relacionamentos democr\u00e1ticos com os alunos;\nEspera-se estabelecer relacionamentos democr\u00e1ticos com a sociedade e segmentos parceiros.\t\t\t\t\t\t\t\t<\/div>\n\t\t\t\t<\/div>\n\t\t\t\t\t<\/div>\n\t\t<\/div>\n\t\t\t\t\t<\/div>\n\t\t<\/section>\n\t\t\t\t<div class=\"elementor-element elementor-element-739d585 elementor-widget-divider--view-line elementor-widget elementor-widget-divider\" data-id=\"739d585\" data-element_type=\"widget\" data-e-type=\"widget\" data-widget_type=\"divider.default\">\n\t\t\t\t<div class=\"elementor-widget-container\">\n\t\t\t\t\t\t\t<div class=\"elementor-divider\">\n\t\t\t<span class=\"elementor-divider-separator\">\n\t\t\t\t\t\t<\/span>\n\t\t<\/div>\n\t\t\t\t\t\t<\/div>\n\t\t\t\t<\/div>\n\t\t\t\t<div class=\"elementor-element elementor-element-03c5501 elementor-headline--style-highlight elementor-widget elementor-widget-animated-headline\" data-id=\"03c5501\" data-element_type=\"widget\" data-e-type=\"widget\" data-settings=\"{&quot;marker&quot;:&quot;curly&quot;,&quot;highlighted_text&quot;:&quot;Fique por  dentro&quot;,&quot;headline_style&quot;:&quot;highlight&quot;,&quot;loop&quot;:&quot;yes&quot;,&quot;highlight_animation_duration&quot;:1200,&quot;highlight_iteration_delay&quot;:8000}\" data-widget_type=\"animated-headline.default\">\n\t\t\t\t<div class=\"elementor-widget-container\">\n\t\t\t\t\t\t\t<h3 class=\"elementor-headline\">\n\t\t\t\t<span class=\"elementor-headline-dynamic-wrapper elementor-headline-text-wrapper\">\n\t\t\t\t\t<span class=\"elementor-headline-dynamic-text elementor-headline-text-active\">Fique por  dentro<\/span>\n\t\t\t\t<\/span>\n\t\t\t\t<\/h3>\n\t\t\t\t\t\t<\/div>\n\t\t\t\t<\/div>\n\t\t\t\t<div class=\"elementor-element elementor-element-30aeb7b elementor-posts--thumbnail-left elementor-grid-1 elementor-grid-tablet-2 elementor-grid-mobile-1 elementor-widget elementor-widget-posts\" data-id=\"30aeb7b\" data-element_type=\"widget\" data-e-type=\"widget\" data-settings=\"{&quot;pagination_type&quot;:&quot;numbers_and_prev_next&quot;,&quot;classic_columns&quot;:&quot;1&quot;,&quot;classic_columns_tablet&quot;:&quot;2&quot;,&quot;classic_columns_mobile&quot;:&quot;1&quot;,&quot;classic_row_gap&quot;:{&quot;unit&quot;:&quot;px&quot;,&quot;size&quot;:35,&quot;sizes&quot;:[]},&quot;classic_row_gap_tablet&quot;:{&quot;unit&quot;:&quot;px&quot;,&quot;size&quot;:&quot;&quot;,&quot;sizes&quot;:[]},&quot;classic_row_gap_mobile&quot;:{&quot;unit&quot;:&quot;px&quot;,&quot;size&quot;:&quot;&quot;,&quot;sizes&quot;:[]}}\" data-widget_type=\"posts.classic\">\n\t\t\t\t<div class=\"elementor-widget-container\">\n\t\t\t\t\t\t\t<div class=\"elementor-posts-container elementor-posts elementor-posts--skin-classic elementor-grid\">\n\t\t\t\t<article class=\"elementor-post elementor-grid-item post-1583 post type-post status-publish format-standard has-post-thumbnail hentry category-noticias category-ouvidoria-ambiental\">\n\t\t\t\t<a class=\"elementor-post__thumbnail__link\" href=\"https:\/\/ouvidoria.tce.am.gov.br\/?p=1583\" tabindex=\"-1\" >\n\t\t\t<div class=\"elementor-post__thumbnail\"><img decoding=\"async\" width=\"579\" height=\"836\" src=\"https:\/\/ouvidoria.tce.am.gov.br\/wp-content\/uploads\/2015\/01\/cartilha1.png\" class=\"attachment-medium_large size-medium_large wp-image-439\" alt=\"\" srcset=\"https:\/\/ouvidoria.tce.am.gov.br\/wp-content\/uploads\/2015\/01\/cartilha1.png 579w, https:\/\/ouvidoria.tce.am.gov.br\/wp-content\/uploads\/2015\/01\/cartilha1-208x300.png 208w\" sizes=\"(max-width: 579px) 100vw, 579px\" \/><\/div>\n\t\t<\/a>\n\t\t\t\t<div class=\"elementor-post__text\">\n\t\t\t\t<h3 class=\"elementor-post__title\">\n\t\t\t<a href=\"https:\/\/ouvidoria.tce.am.gov.br\/?p=1583\" >\n\t\t\t\tOuvidoria Especial em Meio Ambiente\t\t\t<\/a>\n\t\t<\/h3>\n\t\t\n\t\t<a class=\"elementor-post__read-more\" href=\"https:\/\/ouvidoria.tce.am.gov.br\/?p=1583\" aria-label=\"Read more about Ouvidoria Especial em Meio Ambiente\" tabindex=\"-1\" >\n\t\t\tSAIBA MAIS \u00bb\t\t<\/a>\n\n\t\t\t\t<\/div>\n\t\t\t\t<\/article>\n\t\t\t\t<\/div>\n\t\t\n\t\t\t\t\t\t<\/div>\n\t\t\t\t<\/div>\n\t\t\t\t\t<\/div>\n\t\t<\/div>\n\t\t\t\t\t<\/div>\n\t\t<\/section>\n\t\t\t\t<\/div>\n\t\t","protected":false},"excerpt":{"rendered":"<p>A Ouvidora Especial em Meio Ambiente do Tribunal de Contas do Estado do Amazonas foi institu\u00edda pela Resolu\u00e7\u00e3o n\u00ba 04 de 11 de mar\u00e7o de 2015. Trata-se de uma Inst\u00e2ncia da Ouvidoria Geral, criada com objetivo de atender uma demanda espec\u00edfica e t\u00e3o importante hoje no controle externo que \u00e9 a quest\u00e3o ambiental. Objetivo Geral<\/p>\n","protected":false},"author":5,"featured_media":3553,"parent":0,"menu_order":0,"comment_status":"closed","ping_status":"closed","template":"","meta":{"_monsterinsights_skip_tracking":false,"_monsterinsights_sitenote_active":false,"_monsterinsights_sitenote_note":"","_monsterinsights_sitenote_category":0,"site-sidebar-layout":"no-sidebar","site-content-layout":"page-builder","ast-site-content-layout":"","site-content-style":"default","site-sidebar-style":"default","ast-global-header-display":"","ast-banner-title-visibility":"","ast-main-header-display":"","ast-hfb-above-header-display":"","ast-hfb-below-header-display":"","ast-hfb-mobile-header-display":"","site-post-title":"disabled","ast-breadcrumbs-content":"","ast-featured-img":"disabled","footer-sml-layout":"disabled","theme-transparent-header-meta":"default","adv-header-id-meta":"","stick-header-meta":"","header-above-stick-meta":"","header-main-stick-meta":"","header-below-stick-meta":"","astra-migrate-meta-layouts":"default","ast-page-background-enabled":"default","ast-page-background-meta":{"desktop":{"background-color":"","background-image":"","background-repeat":"repeat","background-position":"center center","background-size":"auto","background-attachment":"scroll","background-type":"","background-media":"","overlay-type":"","overlay-color":"","overlay-opacity":"","overlay-gradient":""},"tablet":{"background-color":"","background-image":"","background-repeat":"repeat","background-position":"center center","background-size":"auto","background-attachment":"scroll","background-type":"","background-media":"","overlay-type":"","overlay-color":"","overlay-opacity":"","overlay-gradient":""},"mobile":{"background-color":"","background-image":"","background-repeat":"repeat","background-position":"center center","background-size":"auto","background-attachment":"scroll","background-type":"","background-media":"","overlay-type":"","overlay-color":"","overlay-opacity":"","overlay-gradient":""}},"ast-content-background-meta":{"desktop":{"background-color":"var(--ast-global-color-5)","background-image":"","background-repeat":"repeat","background-position":"center center","background-size":"auto","background-attachment":"scroll","background-type":"","background-media":"","overlay-type":"","overlay-color":"","overlay-opacity":"","overlay-gradient":""},"tablet":{"background-color":"var(--ast-global-color-5)","background-image":"","background-repeat":"repeat","background-position":"center center","background-size":"auto","background-attachment":"scroll","background-type":"","background-media":"","overlay-type":"","overlay-color":"","overlay-opacity":"","overlay-gradient":""},"mobile":{"background-color":"var(--ast-global-color-5)","background-image":"","background-repeat":"repeat","background-position":"center center","background-size":"auto","background-attachment":"scroll","background-type":"","background-media":"","overlay-type":"","overlay-color":"","overlay-opacity":"","overlay-gradient":""}},"footnotes":""},"class_list":["post-1747","page","type-page","status-publish","has-post-thumbnail","hentry"],"_links":{"self":[{"href":"https:\/\/ouvidoria.tce.am.gov.br\/index.php?rest_route=\/wp\/v2\/pages\/1747","targetHints":{"allow":["GET"]}}],"collection":[{"href":"https:\/\/ouvidoria.tce.am.gov.br\/index.php?rest_route=\/wp\/v2\/pages"}],"about":[{"href":"https:\/\/ouvidoria.tce.am.gov.br\/index.php?rest_route=\/wp\/v2\/types\/page"}],"author":[{"embeddable":true,"href":"https:\/\/ouvidoria.tce.am.gov.br\/index.php?rest_route=\/wp\/v2\/users\/5"}],"replies":[{"embeddable":true,"href":"https:\/\/ouvidoria.tce.am.gov.br\/index.php?rest_route=%2Fwp%2Fv2%2Fcomments&post=1747"}],"version-history":[{"count":8,"href":"https:\/\/ouvidoria.tce.am.gov.br\/index.php?rest_route=\/wp\/v2\/pages\/1747\/revisions"}],"predecessor-version":[{"id":590822,"href":"https:\/\/ouvidoria.tce.am.gov.br\/index.php?rest_route=\/wp\/v2\/pages\/1747\/revisions\/590822"}],"wp:featuredmedia":[{"embeddable":true,"href":"https:\/\/ouvidoria.tce.am.gov.br\/index.php?rest_route=\/wp\/v2\/media\/3553"}],"wp:attachment":[{"href":"https:\/\/ouvidoria.tce.am.gov.br\/index.php?rest_route=%2Fwp%2Fv2%2Fmedia&parent=1747"}],"curies":[{"name":"wp","href":"https:\/\/api.w.org\/{rel}","templated":true}]}}