{"id":635195,"date":"2024-07-15T14:42:59","date_gmt":"2024-07-15T18:42:59","guid":{"rendered":"https:\/\/ouvidoria.tce.am.gov.br\/?page_id=635195"},"modified":"2024-07-15T14:46:03","modified_gmt":"2024-07-15T18:46:03","slug":"ouvir-amazonas","status":"publish","type":"page","link":"https:\/\/ouvidoria.tce.am.gov.br\/?page_id=635195","title":{"rendered":"Ouvir Amazonas"},"content":{"rendered":"\t\t<div data-elementor-type=\"wp-page\" data-elementor-id=\"635195\" class=\"elementor elementor-635195\" data-elementor-settings=\"{&quot;ha_cmc_init_switcher&quot;:&quot;no&quot;}\" data-elementor-post-type=\"page\">\n\t\t\t\t\t\t<section class=\"elementor-section elementor-top-section elementor-element elementor-element-fab69a8 elementor-section-boxed elementor-section-height-default elementor-section-height-default\" data-id=\"fab69a8\" data-element_type=\"section\" data-e-type=\"section\" data-settings=\"{&quot;_ha_eqh_enable&quot;:false}\">\n\t\t\t\t\t\t<div class=\"elementor-container elementor-column-gap-default\">\n\t\t\t\t\t<div class=\"elementor-column elementor-col-33 elementor-top-column elementor-element elementor-element-002ef76\" data-id=\"002ef76\" data-element_type=\"column\" data-e-type=\"column\">\n\t\t\t<div class=\"elementor-widget-wrap elementor-element-populated\">\n\t\t\t\t\t\t<div class=\"elementor-element elementor-element-3830864 elementor-widget elementor-widget-image\" data-id=\"3830864\" data-element_type=\"widget\" data-e-type=\"widget\" data-widget_type=\"image.default\">\n\t\t\t\t<div class=\"elementor-widget-container\">\n\t\t\t\t\t\t\t\t\t\t\t\t\t\t\t<img fetchpriority=\"high\" decoding=\"async\" width=\"229\" height=\"250\" src=\"https:\/\/ouvidoria.tce.am.gov.br\/wp-content\/uploads\/2024\/07\/Logos-Ouvidoria-reduzido-1.png\" class=\"attachment-large size-large wp-image-635199\" alt=\"\" \/>\t\t\t\t\t\t\t\t\t\t\t\t\t\t\t<\/div>\n\t\t\t\t<\/div>\n\t\t\t\t\t<\/div>\n\t\t<\/div>\n\t\t\t\t<div class=\"elementor-column elementor-col-66 elementor-top-column elementor-element elementor-element-b748eb5\" data-id=\"b748eb5\" data-element_type=\"column\" data-e-type=\"column\">\n\t\t\t<div class=\"elementor-widget-wrap elementor-element-populated\">\n\t\t\t\t\t\t<div class=\"elementor-element elementor-element-3d0591f elementor-widget elementor-widget-text-editor\" data-id=\"3d0591f\" data-element_type=\"widget\" data-e-type=\"widget\" data-widget_type=\"text-editor.default\">\n\t\t\t\t<div class=\"elementor-widget-container\">\n\t\t\t\t\t\t\t\t\t<p style=\"text-align: justify;\">O projeto Ouvir Amazonas, realizado atrav\u00e9s de uma parceria entre o Tribunal de Contas do Estado do Amazonas, por meio da Ouvidoria de Contas e a Associa\u00e7\u00e3o Amazonense de Munic\u00edpios- AAM, tem como objetivo auxiliar na implanta\u00e7\u00e3o das Ouvidorias municipais, tendo em vista que as ouvidorias p\u00fablicas s\u00e3o consideradas instrumentos da democracia, na medida em que possibilitam \u00e0 sociedade o exerc\u00edcio do direito \u00e0 participa\u00e7\u00e3o e ao controle da administra\u00e7\u00e3o p\u00fablica, constituindo-se em um canal de interlocu\u00e7\u00e3o entre o cidad\u00e3o e o poder p\u00fablico.<br \/>O projeto busca oferecer subs\u00eddios e orienta\u00e7\u00f5es para criar e aperfei\u00e7oar as Ouvidorias em munic\u00edpios, abordando o marco legal, miss\u00e3o e fun\u00e7\u00f5es da Ouvidoria P\u00fablica, esbo\u00e7ando o perfil para o Ouvidor e as compet\u00eancias da equipe. <br \/>A proposta deste projeto consiste em auxiliar \u00e0quelas ouvidorias municipais as quais fazem parte da Rede Nacional de Ouvidorias, prevista pelo Decreto n\u00ba 9.492\/2018, e desenvolver, em conjunto, \u00e0quelas que ainda n\u00e3o aderiram \u00e0 Lei Federal. Dessa maneira, a Ouvidoria do Tribunal de Contas busca consolidar a parceria, a coopera\u00e7\u00e3o m\u00fatua e a articula\u00e7\u00e3o de esfor\u00e7os visando fortalecer a ferramenta de transpar\u00eancia p\u00fablica com os demais \u00f3rg\u00e3os da Administra\u00e7\u00e3o P\u00fablica.<\/p>\t\t\t\t\t\t\t\t<\/div>\n\t\t\t\t<\/div>\n\t\t\t\t\t<\/div>\n\t\t<\/div>\n\t\t\t\t\t<\/div>\n\t\t<\/section>\n\t\t\t\t<\/div>\n\t\t","protected":false},"excerpt":{"rendered":"<p>O projeto Ouvir Amazonas, realizado atrav\u00e9s de uma parceria entre o Tribunal de Contas do Estado do Amazonas, por meio da Ouvidoria de Contas e a Associa\u00e7\u00e3o Amazonense de Munic\u00edpios- AAM, tem como objetivo auxiliar na implanta\u00e7\u00e3o das Ouvidorias municipais, tendo em vista que as ouvidorias p\u00fablicas s\u00e3o consideradas instrumentos da democracia, na medida em [&hellip;]<\/p>\n","protected":false},"author":2,"featured_media":0,"parent":0,"menu_order":0,"comment_status":"closed","ping_status":"closed","template":"","meta":{"_monsterinsights_skip_tracking":false,"_monsterinsights_sitenote_active":false,"_monsterinsights_sitenote_note":"","_monsterinsights_sitenote_category":0,"site-sidebar-layout":"no-sidebar","site-content-layout":"page-builder","ast-site-content-layout":"full-width-container","site-content-style":"default","site-sidebar-style":"default","ast-global-header-display":"","ast-banner-title-visibility":"","ast-main-header-display":"","ast-hfb-above-header-display":"","ast-hfb-below-header-display":"","ast-hfb-mobile-header-display":"","site-post-title":"disabled","ast-breadcrumbs-content":"","ast-featured-img":"disabled","footer-sml-layout":"","theme-transparent-header-meta":"default","adv-header-id-meta":"","stick-header-meta":"default","header-above-stick-meta":"","header-main-stick-meta":"","header-below-stick-meta":"","astra-migrate-meta-layouts":"set","ast-page-background-enabled":"default","ast-page-background-meta":{"desktop":{"background-color":"","background-image":"","background-repeat":"repeat","background-position":"center center","background-size":"auto","background-attachment":"scroll","background-type":"","background-media":"","overlay-type":"","overlay-color":"","overlay-opacity":"","overlay-gradient":""},"tablet":{"background-color":"","background-image":"","background-repeat":"repeat","background-position":"center center","background-size":"auto","background-attachment":"scroll","background-type":"","background-media":"","overlay-type":"","overlay-color":"","overlay-opacity":"","overlay-gradient":""},"mobile":{"background-color":"","background-image":"","background-repeat":"repeat","background-position":"center center","background-size":"auto","background-attachment":"scroll","background-type":"","background-media":"","overlay-type":"","overlay-color":"","overlay-opacity":"","overlay-gradient":""}},"ast-content-background-meta":{"desktop":{"background-color":"var(--ast-global-color-5)","background-image":"","background-repeat":"repeat","background-position":"center center","background-size":"auto","background-attachment":"scroll","background-type":"","background-media":"","overlay-type":"","overlay-color":"","overlay-opacity":"","overlay-gradient":""},"tablet":{"background-color":"var(--ast-global-color-5)","background-image":"","background-repeat":"repeat","background-position":"center center","background-size":"auto","background-attachment":"scroll","background-type":"","background-media":"","overlay-type":"","overlay-color":"","overlay-opacity":"","overlay-gradient":""},"mobile":{"background-color":"var(--ast-global-color-5)","background-image":"","background-repeat":"repeat","background-position":"center center","background-size":"auto","background-attachment":"scroll","background-type":"","background-media":"","overlay-type":"","overlay-color":"","overlay-opacity":"","overlay-gradient":""}},"footnotes":""},"class_list":["post-635195","page","type-page","status-publish","hentry"],"_links":{"self":[{"href":"https:\/\/ouvidoria.tce.am.gov.br\/index.php?rest_route=\/wp\/v2\/pages\/635195","targetHints":{"allow":["GET"]}}],"collection":[{"href":"https:\/\/ouvidoria.tce.am.gov.br\/index.php?rest_route=\/wp\/v2\/pages"}],"about":[{"href":"https:\/\/ouvidoria.tce.am.gov.br\/index.php?rest_route=\/wp\/v2\/types\/page"}],"author":[{"embeddable":true,"href":"https:\/\/ouvidoria.tce.am.gov.br\/index.php?rest_route=\/wp\/v2\/users\/2"}],"replies":[{"embeddable":true,"href":"https:\/\/ouvidoria.tce.am.gov.br\/index.php?rest_route=%2Fwp%2Fv2%2Fcomments&post=635195"}],"version-history":[{"count":4,"href":"https:\/\/ouvidoria.tce.am.gov.br\/index.php?rest_route=\/wp\/v2\/pages\/635195\/revisions"}],"predecessor-version":[{"id":635203,"href":"https:\/\/ouvidoria.tce.am.gov.br\/index.php?rest_route=\/wp\/v2\/pages\/635195\/revisions\/635203"}],"wp:attachment":[{"href":"https:\/\/ouvidoria.tce.am.gov.br\/index.php?rest_route=%2Fwp%2Fv2%2Fmedia&parent=635195"}],"curies":[{"name":"wp","href":"https:\/\/api.w.org\/{rel}","templated":true}]}}