{"id":764,"date":"2017-07-25T18:49:27","date_gmt":"2017-07-25T18:49:27","guid":{"rendered":"https:\/\/ouvidoria.tce.am.gov.br\/?page_id=764"},"modified":"2021-03-03T10:31:15","modified_gmt":"2021-03-03T14:31:15","slug":"relatorios-da-ouvidoria","status":"publish","type":"page","link":"https:\/\/ouvidoria.tce.am.gov.br\/?page_id=764","title":{"rendered":"Relat\u00f3rios da Ouvidoria"},"content":{"rendered":"\t\t<div data-elementor-type=\"wp-page\" data-elementor-id=\"764\" class=\"elementor elementor-764\" data-elementor-settings=\"{&quot;ha_cmc_init_switcher&quot;:&quot;no&quot;}\" data-elementor-post-type=\"page\">\n\t\t\t\t\t\t<section class=\"elementor-section elementor-top-section elementor-element elementor-element-744a4891 elementor-section-boxed elementor-section-height-default elementor-section-height-default\" data-id=\"744a4891\" data-element_type=\"section\" data-e-type=\"section\" data-settings=\"{&quot;_ha_eqh_enable&quot;:false}\">\n\t\t\t\t\t\t<div class=\"elementor-container elementor-column-gap-default\">\n\t\t\t\t\t<div class=\"elementor-column elementor-col-100 elementor-top-column elementor-element elementor-element-1772b545\" data-id=\"1772b545\" data-element_type=\"column\" data-e-type=\"column\">\n\t\t\t<div class=\"elementor-widget-wrap elementor-element-populated\">\n\t\t\t\t\t\t<div class=\"elementor-element elementor-element-f1a3b3d elementor-widget elementor-widget-text-editor\" data-id=\"f1a3b3d\" data-element_type=\"widget\" data-e-type=\"widget\" data-widget_type=\"text-editor.default\">\n\t\t\t\t<div class=\"elementor-widget-container\">\n\t\t\t\t\t\t\t\t\t<p style=\"font-style: normal;\">Aqui, voc\u00ea tem acesso a todos os relat\u00f3rios anuais da Ouvidoria do Tribunal de Contas do Estado do Amazonas.<\/p><h2 style=\"font-style: normal;\"><span style=\"font-size: 14pt;\"><strong>Relat\u00f3rio de Gest\u00e3o 2020<\/strong><\/span><\/h2><div><span style=\"font-size: 12pt;\"><span style=\"font-style: normal; font-weight: bold;\"><a href=\"https:\/\/ouvidoria.tce.am.gov.br\/wp-content\/uploads\/2021\/02\/RELAT\u00d3RIO-DE-GEST\u00c3O-2020-OUVIDORIATCEAM.pdf\">Clique aqui<\/a>\u00a0<\/span><span style=\"font-style: normal; font-weight: 400;\">&#8211; Relat\u00f3rio de Gest\u00e3o \u2013 2020<\/span><\/span><\/div><div>\u00a0<\/div><h2><strong><span style=\"font-size: 14pt;\">Relat\u00f3rio de Gest\u00e3o do Bi\u00eanio 2018\/2019<\/span><\/strong><\/h2><p><span style=\"font-size: 12pt;\"><strong><a href=\"https:\/\/ouvidoria.tce.am.gov.br\/wp-content\/uploads\/2020\/01\/RELATORIO-DE-GEST%C3%83O-BIENIO-2018-2019.pdf\">Clique aqui<\/a><\/strong> &#8211; Relat\u00f3rio de Gest\u00e3o \u2013 Bi\u00eanio 2018-2019<\/span><\/p><h2><span style=\"font-size: 14pt;\"><strong>Relat\u00f3rios da Ouvidoria 2018<\/strong><\/span><\/h2><p><strong><a href=\"https:\/\/ouvidoria.tce.am.gov.br\/wp-content\/uploads\/2019\/01\/Relatorio-Ouvidoria-2018.pdf\" target=\"_blank\" rel=\"noopener noreferrer\">Clique aqui<\/a> <\/strong>&#8211; Relat\u00f3rio Ouvidoria 2018<\/p><p><strong><a href=\"https:\/\/ouvidoria.tce.am.gov.br\/wp-content\/uploads\/2019\/01\/Relatorio-Grafico.pdf\">Clique aqui<\/a> <\/strong>&#8211; Relat\u00f3rio Gr\u00e1fico Ouvidoria<\/p><h2><span style=\"font-size: 14pt;\"><strong>Relat\u00f3rios da Ouvidoria 2017<\/strong><\/span><\/h2><p><strong><a href=\"https:\/\/ouvidoria.tce.am.gov.br\/wp-content\/uploads\/2017\/07\/relatorio_2_trim_ouv.pdf\">Clique aqui<\/a><\/strong>\u00a0 &#8211; Relat\u00f3rio da Ouvidoria &#8211; 2\u00ba Trimestre\/2017C<\/p><p>\u00a0<\/p>\t\t\t\t\t\t\t\t<\/div>\n\t\t\t\t<\/div>\n\t\t\t\t\t<\/div>\n\t\t<\/div>\n\t\t\t\t\t<\/div>\n\t\t<\/section>\n\t\t\t\t<\/div>\n\t\t","protected":false},"excerpt":{"rendered":"<p>Aqui, voc\u00ea tem acesso a todos os relat\u00f3rios anuais da Ouvidoria do Tribunal de Contas do Estado do Amazonas. Relat\u00f3rio de Gest\u00e3o 2020 Clique aqui\u00a0&#8211; Relat\u00f3rio de Gest\u00e3o \u2013 2020\u00a0 Relat\u00f3rio de Gest\u00e3o do Bi\u00eanio 2018\/2019 Clique aqui &#8211; Relat\u00f3rio de Gest\u00e3o \u2013 Bi\u00eanio 2018-2019 Relat\u00f3rios da Ouvidoria 2018 Clique aqui &#8211; Relat\u00f3rio Ouvidoria 2018 [&hellip;]<\/p>\n","protected":false},"author":2,"featured_media":0,"parent":0,"menu_order":0,"comment_status":"closed","ping_status":"closed","template":"","meta":{"_monsterinsights_skip_tracking":false,"_monsterinsights_sitenote_active":false,"_monsterinsights_sitenote_note":"","_monsterinsights_sitenote_category":0,"site-sidebar-layout":"default","site-content-layout":"default","ast-site-content-layout":"","site-content-style":"default","site-sidebar-style":"default","ast-global-header-display":"","ast-banner-title-visibility":"","ast-main-header-display":"","ast-hfb-above-header-display":"","ast-hfb-below-header-display":"","ast-hfb-mobile-header-display":"","site-post-title":"","ast-breadcrumbs-content":"","ast-featured-img":"","footer-sml-layout":"","theme-transparent-header-meta":"default","adv-header-id-meta":"","stick-header-meta":"","header-above-stick-meta":"","header-main-stick-meta":"","header-below-stick-meta":"","astra-migrate-meta-layouts":"default","ast-page-background-enabled":"default","ast-page-background-meta":{"desktop":{"background-color":"","background-image":"","background-repeat":"repeat","background-position":"center center","background-size":"auto","background-attachment":"scroll","background-type":"","background-media":"","overlay-type":"","overlay-color":"","overlay-opacity":"","overlay-gradient":""},"tablet":{"background-color":"","background-image":"","background-repeat":"repeat","background-position":"center center","background-size":"auto","background-attachment":"scroll","background-type":"","background-media":"","overlay-type":"","overlay-color":"","overlay-opacity":"","overlay-gradient":""},"mobile":{"background-color":"","background-image":"","background-repeat":"repeat","background-position":"center center","background-size":"auto","background-attachment":"scroll","background-type":"","background-media":"","overlay-type":"","overlay-color":"","overlay-opacity":"","overlay-gradient":""}},"ast-content-background-meta":{"desktop":{"background-color":"var(--ast-global-color-5)","background-image":"","background-repeat":"repeat","background-position":"center center","background-size":"auto","background-attachment":"scroll","background-type":"","background-media":"","overlay-type":"","overlay-color":"","overlay-opacity":"","overlay-gradient":""},"tablet":{"background-color":"var(--ast-global-color-5)","background-image":"","background-repeat":"repeat","background-position":"center center","background-size":"auto","background-attachment":"scroll","background-type":"","background-media":"","overlay-type":"","overlay-color":"","overlay-opacity":"","overlay-gradient":""},"mobile":{"background-color":"var(--ast-global-color-5)","background-image":"","background-repeat":"repeat","background-position":"center center","background-size":"auto","background-attachment":"scroll","background-type":"","background-media":"","overlay-type":"","overlay-color":"","overlay-opacity":"","overlay-gradient":""}},"footnotes":""},"class_list":["post-764","page","type-page","status-publish","hentry"],"_links":{"self":[{"href":"https:\/\/ouvidoria.tce.am.gov.br\/index.php?rest_route=\/wp\/v2\/pages\/764","targetHints":{"allow":["GET"]}}],"collection":[{"href":"https:\/\/ouvidoria.tce.am.gov.br\/index.php?rest_route=\/wp\/v2\/pages"}],"about":[{"href":"https:\/\/ouvidoria.tce.am.gov.br\/index.php?rest_route=\/wp\/v2\/types\/page"}],"author":[{"embeddable":true,"href":"https:\/\/ouvidoria.tce.am.gov.br\/index.php?rest_route=\/wp\/v2\/users\/2"}],"replies":[{"embeddable":true,"href":"https:\/\/ouvidoria.tce.am.gov.br\/index.php?rest_route=%2Fwp%2Fv2%2Fcomments&post=764"}],"version-history":[{"count":12,"href":"https:\/\/ouvidoria.tce.am.gov.br\/index.php?rest_route=\/wp\/v2\/pages\/764\/revisions"}],"predecessor-version":[{"id":2114,"href":"https:\/\/ouvidoria.tce.am.gov.br\/index.php?rest_route=\/wp\/v2\/pages\/764\/revisions\/2114"}],"wp:attachment":[{"href":"https:\/\/ouvidoria.tce.am.gov.br\/index.php?rest_route=%2Fwp%2Fv2%2Fmedia&parent=764"}],"curies":[{"name":"wp","href":"https:\/\/api.w.org\/{rel}","templated":true}]}}